{"id":228,"date":"2024-04-05T11:20:24","date_gmt":"2024-04-05T09:20:24","guid":{"rendered":"https:\/\/xn--ostopathe-lyon-dkb.fr\/?page_id=228"},"modified":"2024-04-05T11:20:52","modified_gmt":"2024-04-05T09:20:52","slug":"la-grossesse-et-losteopathie","status":"publish","type":"page","link":"https:\/\/xn--ostopathe-lyon-dkb.fr\/index.php\/accueil\/la-grossesse-et-losteopathie\/","title":{"rendered":"La grossesse et l&rsquo;ost\u00e9opathie"},"content":{"rendered":"\n<p><strong><br>Les bienfaits de l&rsquo;ost\u00e9opathie pour les femmes enceintes<\/strong><\/p>\n\n\n\n<p>La grossesse est une p\u00e9riode merveilleuse de la vie, mais elle peut \u00e9galement \u00eatre source d&rsquo;inconforts physiques pour de nombreuses femmes. C&rsquo;est l\u00e0 que l&rsquo;ost\u00e9opathie entre en jeu, offrant une approche douce et naturelle pour soulager les maux et favoriser le bien-\u00eatre des futures mamans.<\/p>\n\n\n\n<p><strong>Douleurs lombaires et pelviennes:<\/strong>  L&rsquo;ost\u00e9opathie est efficace pour soulager les douleurs lombaires et pelviennes, fr\u00e9quentes pendant la grossesse en raison du poids suppl\u00e9mentaire et des changements hormonaux. Gr\u00e2ce \u00e0 des manipulations douces et adapt\u00e9es, l&rsquo;ost\u00e9opathe peut r\u00e9duire les tensions musculaires et r\u00e9tablir un \u00e9quilibre postural, procurant un soulagement significatif.<\/p>\n\n\n\n<p><strong>Troubles digestifs:<\/strong> L&rsquo;ost\u00e9opathie peut aider \u00e0 soulager les troubles digestifs courants pendant la grossesse, tels que les naus\u00e9es, les reflux gastriques et la constipation. En r\u00e9tablissant l&rsquo;\u00e9quilibre du syst\u00e8me digestif et en favorisant la circulation sanguine abdominale, les manipulations ost\u00e9opathiques permettent de soulager ces inconforts de mani\u00e8re naturelle.<\/p>\n\n\n\n<p>L&rsquo;ost\u00e9opathie apporte une aide pr\u00e9cieuse aux femmes enceintes en am\u00e9liorant la mobilit\u00e9 du bassin et en pr\u00e9parant le corps \u00e0 l&rsquo;accouchement, favorisant ainsi des accouchements plus naturels et moins traumatisants. De plus, elle offre un soutien \u00e9motionnel en lib\u00e9rant les tensions physiques et en favorisant la d\u00e9tente musculaire, ce qui permet aux futures mamans de mieux g\u00e9rer le stress et l&rsquo;anxi\u00e9t\u00e9. En adoptant une approche holistique, l&rsquo;ost\u00e9opathie tient compte des besoins individuels de chaque femme enceinte et constitue un alli\u00e9 pr\u00e9cieux, offrant un soulagement physique, \u00e9motionnel et une pr\u00e9paration optimale \u00e0 la naissance.<\/p>\n\n\n\n<p><strong><br><\/strong><\/p>\n\n\n\n<figure class=\"wp-block-gallery has-nested-images columns-default is-cropped wp-block-gallery-1 is-layout-flex wp-block-gallery-is-layout-flex\">\n<figure class=\"wp-block-image size-large\"><img loading=\"lazy\" decoding=\"async\" width=\"680\" height=\"1024\" data-id=\"114\" src=\"https:\/\/xn--ostopathe-lyon-dkb.fr\/wp-content\/uploads\/2024\/01\/black-and-white-photograph-of-a-pregnant-woman-14208058-680x1024-1.jpg\" alt=\"Black and White Photograph of a Pregnant Woman\" class=\"wp-image-114\" srcset=\"https:\/\/xn--ostopathe-lyon-dkb.fr\/wp-content\/uploads\/2024\/01\/black-and-white-photograph-of-a-pregnant-woman-14208058-680x1024-1.jpg 680w, https:\/\/xn--ostopathe-lyon-dkb.fr\/wp-content\/uploads\/2024\/01\/black-and-white-photograph-of-a-pregnant-woman-14208058-680x1024-1-199x300.jpg 199w\" sizes=\"auto, (max-width: 680px) 100vw, 680px\" \/><\/figure>\n\n\n\n<figure class=\"wp-block-image size-large\"><img loading=\"lazy\" decoding=\"async\" width=\"683\" height=\"1024\" data-id=\"113\" src=\"https:\/\/xn--ostopathe-lyon-dkb.fr\/wp-content\/uploads\/2024\/01\/side-view-of-black-and-white-crop-calm-pregnant-woman-in-crop-top-and-jacket-standing-near-wall-at-home-and-touching-tummy-3863214-683x1024-1.jpg\" alt=\"Side view of black and white crop calm pregnant woman in crop top and jacket standing near wall at home and touching tummy\" class=\"wp-image-113\" srcset=\"https:\/\/xn--ostopathe-lyon-dkb.fr\/wp-content\/uploads\/2024\/01\/side-view-of-black-and-white-crop-calm-pregnant-woman-in-crop-top-and-jacket-standing-near-wall-at-home-and-touching-tummy-3863214-683x1024-1.jpg 683w, https:\/\/xn--ostopathe-lyon-dkb.fr\/wp-content\/uploads\/2024\/01\/side-view-of-black-and-white-crop-calm-pregnant-woman-in-crop-top-and-jacket-standing-near-wall-at-home-and-touching-tummy-3863214-683x1024-1-200x300.jpg 200w\" sizes=\"auto, (max-width: 683px) 100vw, 683px\" \/><\/figure>\n\n\n\n<figure class=\"wp-block-image size-large\"><img loading=\"lazy\" decoding=\"async\" width=\"1024\" height=\"683\" data-id=\"105\" src=\"https:\/\/xn--ostopathe-lyon-dkb.fr\/wp-content\/uploads\/2024\/01\/babys-feet-in-gray-scale-photography-89695-1024x683-1.jpg\" alt=\"Baby's Feet in Gray Scale Photography\" class=\"wp-image-105\" srcset=\"https:\/\/xn--ostopathe-lyon-dkb.fr\/wp-content\/uploads\/2024\/01\/babys-feet-in-gray-scale-photography-89695-1024x683-1.jpg 1024w, https:\/\/xn--ostopathe-lyon-dkb.fr\/wp-content\/uploads\/2024\/01\/babys-feet-in-gray-scale-photography-89695-1024x683-1-300x200.jpg 300w, https:\/\/xn--ostopathe-lyon-dkb.fr\/wp-content\/uploads\/2024\/01\/babys-feet-in-gray-scale-photography-89695-1024x683-1-768x512.jpg 768w\" sizes=\"auto, (max-width: 1024px) 100vw, 1024px\" \/><\/figure>\n<\/figure>\n","protected":false},"excerpt":{"rendered":"<p>Les bienfaits de l&rsquo;ost\u00e9opathie pour les femmes enceintes La grossesse est une p\u00e9riode merveilleuse de la vie, mais elle peut \u00e9galement \u00eatre source d&rsquo;inconforts physiques pour de nombreuses femmes. C&rsquo;est l\u00e0 que l&rsquo;ost\u00e9opathie entre en jeu, offrant une approche douce et naturelle pour soulager les maux et favoriser le bien-\u00eatre des futures mamans. Douleurs lombaires&#8230;<\/p>\n","protected":false},"author":1,"featured_media":0,"parent":170,"menu_order":0,"comment_status":"closed","ping_status":"closed","template":"","meta":{"_kad_post_transparent":"","_kad_post_title":"","_kad_post_layout":"","_kad_post_sidebar_id":"","_kad_post_content_style":"","_kad_post_vertical_padding":"","_kad_post_feature":"","_kad_post_feature_position":"","_kad_post_header":false,"_kad_post_footer":false,"_kad_post_classname":"","footnotes":""},"class_list":["post-228","page","type-page","status-publish","hentry"],"_links":{"self":[{"href":"https:\/\/xn--ostopathe-lyon-dkb.fr\/index.php\/wp-json\/wp\/v2\/pages\/228","targetHints":{"allow":["GET"]}}],"collection":[{"href":"https:\/\/xn--ostopathe-lyon-dkb.fr\/index.php\/wp-json\/wp\/v2\/pages"}],"about":[{"href":"https:\/\/xn--ostopathe-lyon-dkb.fr\/index.php\/wp-json\/wp\/v2\/types\/page"}],"author":[{"embeddable":true,"href":"https:\/\/xn--ostopathe-lyon-dkb.fr\/index.php\/wp-json\/wp\/v2\/users\/1"}],"replies":[{"embeddable":true,"href":"https:\/\/xn--ostopathe-lyon-dkb.fr\/index.php\/wp-json\/wp\/v2\/comments?post=228"}],"version-history":[{"count":2,"href":"https:\/\/xn--ostopathe-lyon-dkb.fr\/index.php\/wp-json\/wp\/v2\/pages\/228\/revisions"}],"predecessor-version":[{"id":230,"href":"https:\/\/xn--ostopathe-lyon-dkb.fr\/index.php\/wp-json\/wp\/v2\/pages\/228\/revisions\/230"}],"up":[{"embeddable":true,"href":"https:\/\/xn--ostopathe-lyon-dkb.fr\/index.php\/wp-json\/wp\/v2\/pages\/170"}],"wp:attachment":[{"href":"https:\/\/xn--ostopathe-lyon-dkb.fr\/index.php\/wp-json\/wp\/v2\/media?parent=228"}],"curies":[{"name":"wp","href":"https:\/\/api.w.org\/{rel}","templated":true}]}}